is the highest common divisor of 1016 and 426240956?
508
What is the highest common divisor of 2210642 and 179622?
1174
Calculate the highest common factor of 1624780 and 70.
10
Calculate the greatest common divisor of 313619712 and 64.
64
Calculate the highest common factor of 1423185553 and 474.
79
What is the greatest common factor of 87220 and 9285370?
890
What is the greatest common divisor of 327442330 and 177?
59
Calculate the greatest common factor of 533720592 and 32.
16
Calculate the greatest common divisor of 155911030 and 10.
10
Calculate the greatest common divisor of 360 and 352467000.
360
What is the greatest common factor of 2331 and 26860113?
2331
What is the highest common factor of 21248 and 121?
1
What is the greatest common divisor of 206960 and 36816?
208
What is the highest common divisor of 190 and 28760?
10
What is the highest common divisor of 30975 and 24868795?
2065
What is the highest common factor of 6748 and 4309739?
7
Calculate the highest common factor of 281 and 46798583.
281
Calculate the greatest common factor of 1063 and 19158449.
1063
Calculate the greatest common divisor of 7990 and 1002490.
170
Calculate the highest common divisor of 11479046 and 1698.
566
Calculate the greatest common factor of 54099 and 62352103.
6011
What is the highest common factor of 26026544 and 2336?
1168
What is the highest common factor of 6889610 and 335?
335
What is the greatest common divisor of 23313 and 21774?
57
Calculate the greatest common factor of 859577051 and 1382.
691
Calculate the highest common divisor of 1398193533 and 198.
99
Calculate the highest common factor of 63518 and 39130.
182
Calculate the greatest common factor of 211410632 and 12.
4
What is the greatest common factor of 1404624137 and 1093?
1093
Calculate the greatest common factor of 4 and 2443228292.
4
What is the greatest common factor of 25017 and 371310653?
8339
What is the greatest common factor of 5423275 and 37?
37
What is the greatest common divisor of 12025 and 24225500?
325
What is the highest common divisor of 3315 and 819723?
51
What is the greatest common divisor of 202025 and 3200?
25
Calculate the highest common divisor of 808 and 431540276.
404
What is the greatest common divisor of 1404 and 610065378?
702
What is the greatest common factor of 5899038 and 48?
6
What is the highest common divisor of 182014 and 889?
7
Calculate the highest common divisor of 215764353 and 6743.
613
Calculate the greatest common divisor of 7864140 and 165.
15
Calculate the greatest common factor of 37 and 204883356.
37
Calculate the greatest common factor of 544804 and 182.
26
Calculate the highest common factor of 40964 and 110277244.
2156
Calculate the highest common factor of 12 and 16074108.
12
What is the greatest common divisor of 54300 and 19500?
300
What is the greatest common divisor of 1268788050 and 1350?
1350
Calculate the highest common factor of 108600 and 14550.
150
Calculate the highest common factor of 446687 and 3871993.
2117
Calculate the highest common factor of 103194 and 224616.
294
What is the greatest common divisor of 18 and 7750812?
6
Calculate the greatest common divisor of 6 and 63775599.
3
Calculate the highest common divisor of 1657946 and 3021.
53
What is the highest common divisor of 9578819 and 37?
37
Calculate the greatest common factor of 1566896 and 144.
16
Calculate the highest common divisor of 11625 and 452345025.
2325
Calculate the highest common divisor of 4275 and 12105.
45
Calculate the greatest common divisor of 447348663 and 3326.
1663
Calculate the greatest common divisor of 103008 and 60320.
928
Calculate the greatest common divisor of 14483664 and 1053.
351
What is the greatest common factor of 286 and 2808982?
22
What is the highest common factor of 131586 and 1449133?
1687
What is the highest common factor of 6900498 and 594?
594
Calculate the greatest common divisor of 5838136 and 7981.
23
What is the greatest common divisor of 7751696 and 38?
38
What is the greatest common divisor of 150 and 65702550?
150
Calculate the highest common factor of 5259407 and 1.
1
Calculate the greatest common factor of 254775 and 9628125.
5925
Calculate the greatest common factor of 832750 and 114250.
250
What is the greatest common divisor of 156 and 209142245?
13
Calculate the highest common factor of 578 and 8378253922.
578
What is the greatest common factor of 28798 and 661144?
242
Calculate the greatest common divisor of 306887841 and 24984.
3123
What is the highest common factor of 36375 and 4599255?
1455
Calculate the highest common factor of 17 and 197331.
1
Calculate the highest common divisor of 7320320 and 1575520.
6880
Calculate the greatest common divisor of 1600896 and 3432.
264
What is the greatest common factor of 2082476 and 110?
22
What is the greatest common divisor of 114512 and 696334?
842
What is the highest common factor of 3535010 and 10?
10
What is the greatest common factor of 423 and 935703?
9
Calculate the greatest common divisor of 75875 and 29842548.
607
What is the highest common divisor of 2152 and 11852678?
538
What is the highest common factor of 187129371 and 4059?
1353
Calculate the highest common divisor of 6031 and 32174407.
163
Calculate the greatest common divisor of 1809262 and 3614.
26
What is the greatest common factor of 50380 and 89870?
110
Calculate the highest common divisor of 16858 and 370648417.
8429
Calculate the greatest common factor of 123750333 and 126.
63
Calculate the greatest common factor of 43038 and 8754.
6
Calculate the highest common factor of 3 and 9065829.
3
What is the highest common factor of 31882324 and 92?
92
Calculate the greatest common factor of 3056 and 16152679.
191
What is the highest common divisor of 2 and 259402656?
2
What is the greatest common divisor of 17487310 and 6795?
755
Calculate the highest common factor of 76789395 and 30.
15
What is the greatest common factor of 27346632 and 8832?
552
Calculate the greatest common divisor of 148318353 and 33201.
4743
What is the highest common factor of 232356 and 53868?
804
Calculate the greatest common divisor of 1390086 and 56376.
522
What is the greatest common divisor of 854882 and 238?
14
Calculate the highest common divisor of 1078577 and 573.
191
What is the greatest common divisor of 25361 and 17311?
7
Calculate the highest common factor of 1608 and 13462404.
12
What is the greatest common factor of 215 and 1148115?
5
Calculate the greatest common divisor of 2898 and 967806.
126
What is the greatest common factor of 668852537 and 302?
151
Calculate the greatest common divisor of 7228 and 156027500.
556
Calculate the greatest common divisor of 945702290 and 26.
26
What is the greatest common divisor of 1053293080 and 27363?
9121
Calculate the greatest common divisor of 968575 and 31175.
1075
Calculate the greatest common factor of 1427041 and 974491.
3017
Calculate the highest common factor of 292 and 121088.
4
Calculate the highest common divisor of 10107080 and 10295.
145
Calculate the greatest common divisor of 14 and 2975742238.
14
Calculate the highest common divisor of 257569794 and 162.
162
Calculate the greatest common divisor of 4315694 and 30622.
502
What is the highest common divisor of 4341856 and 15201?
563
What is the highest common divisor of 18105366 and 148938?
1446
What is the highest common divisor of 2944 and 2494396?
92
Calculate the highest common factor of 11668 and 996208006.
5834
Calculate the highest common factor of 4758 and 26725198.
122
Calculate the greatest common divisor of 16082 and 3063434.
374
What is the highest common divisor of 1226 and 69228542?
1226
Calculate the greatest common divisor of 91290 and 27370.
170
Calculate the greatest common factor of 1143 and 199898.
127
Calculate the highest common divisor of 12522873 and 2013.
2013
Calculate the highest common factor of 19 and 976388.
1
What is the highest common divisor of 560507 and 187?
17
Calculate the greatest common factor of 220 and 1522260.
20
Calculate the greatest common factor of 22423300 and 225.
25
Calculate the highest common factor of 2828 and 25788.
28
What is the greatest common divisor of 15391232 and 11132?
92
Calculate the greatest common divisor of 8510780 and 30.
10
Calculate